{"id":41,"date":"2015-12-20T18:26:11","date_gmt":"2015-12-20T17:26:11","guid":{"rendered":"http:\/\/cmdr.theoidter.de\/?page_id=41"},"modified":"2016-01-06T23:46:57","modified_gmt":"2016-01-06T22:46:57","slug":"testseite","status":"publish","type":"page","link":"https:\/\/cmdr.theoidter.de\/","title":{"rendered":"Willkommen an Bord!"},"content":{"rendered":"<p><span style=\"color: #ff9900;\">Herzlich Willkommen auf dem pers\u00f6nlichen Logbuch von Commander TheOidter. DIeses Logbuch wird regelm\u00e4\u00dfig mit neuen Erlebnissen aus dem Elite: Dangerous Universum gef\u00fcttert, die Commander TheOidter erlebt hat. Viel Spa\u00df bei der Erkundung. Fly safe o7!<\/span><\/p>\n<p>&nbsp;<\/p>\n<p><span style=\"color: #33cccc;\"><strong>Neueste Logbucheintr\u00e4ge:<\/strong><\/span><\/p>\n<p style=\"text-align: left;\"><span style=\"color: #ff9900;\"><ul class=\"display-posts-listing\"><li class=\"listing-item\"><a class=\"title\" href=\"https:\/\/cmdr.theoidter.de\/?p=208\">20.01.3305-1<\/a><\/li><li class=\"listing-item\"><a class=\"title\" href=\"https:\/\/cmdr.theoidter.de\/?p=200\">19.01.3305-1<\/a><\/li><li class=\"listing-item\"><a class=\"title\" href=\"https:\/\/cmdr.theoidter.de\/?p=186\">06.12.3302-1<\/a><\/li><li class=\"listing-item\"><a class=\"title\" href=\"https:\/\/cmdr.theoidter.de\/?p=176\">01.05.3302-1<\/a><\/li><li class=\"listing-item\"><a class=\"title\" href=\"https:\/\/cmdr.theoidter.de\/?p=170\">30.04.3302-1<\/a><\/li><li class=\"listing-item\"><a class=\"title\" href=\"https:\/\/cmdr.theoidter.de\/?p=160\">25.01.3302-1<\/a><\/li><li class=\"listing-item\"><a class=\"title\" href=\"https:\/\/cmdr.theoidter.de\/?p=153\">22.01.3302-1<\/a><\/li><li class=\"listing-item\"><a class=\"title\" href=\"https:\/\/cmdr.theoidter.de\/?p=148\">20.01.3302-1<\/a><\/li><li class=\"listing-item\"><a class=\"title\" href=\"https:\/\/cmdr.theoidter.de\/?p=139\">18.01.3302-1<\/a><\/li><li class=\"listing-item\"><a class=\"title\" href=\"https:\/\/cmdr.theoidter.de\/?p=129\">13.01.3302-1<\/a><\/li><\/ul><\/span><\/p>\n","protected":false},"excerpt":{"rendered":"<p>Herzlich Willkommen auf dem pers\u00f6nlichen Logbuch von Commander TheOidter. DIeses Logbuch wird regelm\u00e4\u00dfig mit neuen Erlebnissen aus dem Elite: Dangerous Universum gef\u00fcttert, die Commander TheOidter erlebt hat. Viel Spa\u00df bei der Erkundung. Fly safe o7! &nbsp; Neueste Logbucheintr\u00e4ge:<\/p>\n","protected":false},"author":1,"featured_media":0,"parent":0,"menu_order":0,"comment_status":"closed","ping_status":"closed","template":"","meta":{"footnotes":""},"class_list":["post-41","page","type-page","status-publish","hentry"],"_links":{"self":[{"href":"https:\/\/cmdr.theoidter.de\/index.php?rest_route=\/wp\/v2\/pages\/41","targetHints":{"allow":["GET"]}}],"collection":[{"href":"https:\/\/cmdr.theoidter.de\/index.php?rest_route=\/wp\/v2\/pages"}],"about":[{"href":"https:\/\/cmdr.theoidter.de\/index.php?rest_route=\/wp\/v2\/types\/page"}],"author":[{"embeddable":true,"href":"https:\/\/cmdr.theoidter.de\/index.php?rest_route=\/wp\/v2\/users\/1"}],"replies":[{"embeddable":true,"href":"https:\/\/cmdr.theoidter.de\/index.php?rest_route=%2Fwp%2Fv2%2Fcomments&post=41"}],"version-history":[{"count":15,"href":"https:\/\/cmdr.theoidter.de\/index.php?rest_route=\/wp\/v2\/pages\/41\/revisions"}],"predecessor-version":[{"id":127,"href":"https:\/\/cmdr.theoidter.de\/index.php?rest_route=\/wp\/v2\/pages\/41\/revisions\/127"}],"wp:attachment":[{"href":"https:\/\/cmdr.theoidter.de\/index.php?rest_route=%2Fwp%2Fv2%2Fmedia&parent=41"}],"curies":[{"name":"wp","href":"https:\/\/api.w.org\/{rel}","templated":true}]}}